rmine o(-7).
-98
Let q(c) = -c**2 - 179*c - 6614. What is q(-54)?
136
Let q(o) = o**3 + 125*o**2 + 1231*o - 2616. Give q(-114).
6
Let j(y) = -21624*y - 281113. Give j(-13).
-1
Let i(v) = v**3 + 218*v**2 - 1332*v + 2605. Calculate i(-224).
-83
Let c(a) = -2*a**3 + 140*a**2 - 158*a + 21299. Give c(71).
-1
Let c(q) = -2*q**3 - 39*q**2 - 11*q - 333. What is c(-17)?
-1591
Let d(i) = -i**3 + 26*i**2 + i - 338. What is d(27)?
-1040
Let b(o) = -3107548*o + 31075480. Calculate b(10).
0
Let t(y) = 224*y - 16524. Calculate t(74).
52
Let s(o) = 39308*o - 14347413. Calculate s(365).
7
Let q(n) = -9516*n + 124219. Determine q(13).
511
Let b(n) = n**2 + 141275*n - 565123. Calculate b(4).
-7
Let h(j) = -3*j**3 - 33*j**2 + 324*j + 307. What is h(-17)?
1
Let t(r) = -2058*r - 386884. What is t(-188)?
20
Let m(c) = -c**2 + 3201*c - 57522. Give m(18).
-228
Let b(d) = -5791*d - 5706. Determine b(-1).
85
Let q(y) = y**3 + 20*y**2 - 20595*y - 550974. What is q(-27)?
-12
Let n(o) = -144*o - 14322. What is n(-98)?
-210
Let w(g) = -g**3 + 132*g**2 - 628*g - 1102. What is w(127)?
-213
Let l(y) = -868*y + 8269. Give l(9).
457
Let d(i) = i**3 - 347*i**2 + 23300*i - 1018. Give d(256).
6
Let p(s) = 2*s**2 + 507*s + 7370. Calculate p(-238).
-8
Let c(v) = -1454*v - 54751. Determine c(-38).
501
Let f(w) = 40461*w - 849685. Calculate f(21).
-4
Let v(h) = -2*h**3 - 13*h**2 + 28*h - 162. What is v(-9)?
-9
Let x(u) = -4*u**2 + 145*u - 647. Calculate x(5).
-22
Let z(f) = -13*f**2 - 14*f - 4. Calculate z(-2).
-28
Let l(k) = 3*k**2 + 1160*k + 345. Determine l(-385).
-1580
Let l(g) = 2*g**2 + 244*g + 5635. Give l(-30).
115
Let r(k) = 5*k**3 + 2939*k**2 - 21419*k + 589. Determine r(-595).
-6
Let f(c) = 6*c**3 + 464*c**2 + 171*c + 507. Determine f(-77).
-802
Let h(g) = -342*g**2 - 10947*g - 16. What is h(-32)?
80
Let r(n) = 251709*n - 2265341. What is r(9)?
40
Let c(x) = -75*x + 630. Determine c(8).
30
Let r(l) = -14*l**3 + l**2 + 357*l - 707. What is r(3)?
-5
Let j(n) = n**2 - 188*n + 8595. Give j(92).
-237
Let v(i) = -2*i**3 + 243*i**2 + 11*i + 13567. Calculate v(122).
25
Let s(c) = 2*c**3 + 205*c**2 - 92*c + 1166. Give s(-103).
33
Let s(a) = a**3 - 4233*a**2 - 179551*a - 31. Determine s(-42).
11
Let k(g) = -1747*g - 16100. Calculate k(-9).
-377
Let y(p) = 559*p - 13589. Give y(24).
-173
Let v(d) = -d**3 + 278*d**2 - 4930*d + 229. Calculate v(19).
58
Let p(c) = -c**3 + 1071*c**2 - 28146*c - 43842. Give p(1044).
6
Let x(o) = -3214*o + 334290. Give x(104).
34
Let i(p) = 3039656*p + 33436220. What is i(-11)?
4
Let w(a) = a**3 - 53*a**2 + 456*a + 61. Determine w(42).
-191
Let w(a) = -11222*a - 11328. Give w(-1).
-106
Let y(q) = q**3 + 142*q**2 + 3753*q + 859. Calculate y(-107).
3
Let q(u) = u**3 - 128*u**2 - 544*u + 2102. Determine q(132).
-10
Let p(r) = 10191*r + 1701896. What is p(-167)?
-1
Let a(q) = -1027*q - 6904. Give a(-5).
-1769
Let p(y) = -y**2 - 225*y - 6276. Calculate p(-209).
-2932
Let j(a) = -987*a + 7448. Determine j(5).
2513
Let r(h) = 440*h**2 + 2307*h + 502. Determine r(-5).
-33
Let q(g) = g**3 + 166*g**2 + 1325*g - 13583. Calculate q(-157).
233
Let p(x) = 3*x**2 + 171*x + 772. Give p(-52).
-8
Let c(h) = 154161*h + 37615276. Give c(-244).
-8
Let l(v) = -v**3 - 4*v**2 + 38*v + 132. Give l(-5).
-33
Let t(g) = 9625*g - 19167. Calculate t(2).
83
Let x(b) = -b**2 + 11645*b + 820056. What is x(-70)?
6
Let m(h) = -h**2 + 59*h + 124. Determine m(37).
938
Let c(g) = -14*g**2 - 496*g + 97483. Give c(-103).
45
Let y(g) = 57*g**2 + 430*g - 1768. Give y(4).
864
Let d(m) = -6*m**3 + 91*m**2 + 747*m - 9. Give d(-6).
81
Let h(m) = 246*m + 163. Calculate h(2).
655
Let o(g) = -2463*g - 916233. Calculate o(-372).
3
Let j(h) = 9*h**3 + 252*h**2 + 622*h + 25611. What is j(-29)?
4
Let b(p) = 41740*p - 1001702. Determine b(24).
58
Let u(k) = -13*k**3 + 2*k**2 + 20673*k - 20675. What is u(1)?
-13
Let k(l) = 909*l - 8454. Calculate k(10).
636
Let n(k) = 2391*k + 50175. What is n(-21)?
-36
Let r(x) = -34*x - 3688. Calculate r(-105).
-118
Let w(z) = -14*z**3 + 305*z**2 + 392*z - 32. Calculate w(23).
-9
Let v(i) = 651*i + 47597. Give v(-77).
-2530
Let j(g) = g**3 + 9*g**2 + 586*g - 3164. Calculate j(5).
116
Let w(o) = -15*o**3 - 1681*o**2 - 95*o + 1065. Give w(-112).
-839
Let p(z) = -21*z**2 + 1476*z + 4147. Determine p(73).
-14
Let z(w) = 7*w**2 + 7572*w + 618417. Calculate z(-89).
-44
Let x(g) = -2009*g - 14325. Determine x(-7).
-262
Let b(x) = 601801*x - 3610809. Give b(6).
-3
Let j(o) = -2*o**3 - 404*o**2 - 1110*o - 142322. Give j(-201).
-14
Let c(p) = -163*p**3 - 1605*p**2 + 227*p - 213. What is c(-10)?
17
Let h(d) = -122189*d - 9652888. Calculate h(-79).
43
Let q(f) = -61*f**3 - 127*f**2 - 20*f - 38. What is q(-2)?
-18
Let k(s) = -63*s**2 + 275*s - 93. Determine k(4).
-1
Let k(b) = 2*b**3 - 3*b**2 + 147*b - 796. Give k(6).
410
Let i(r) = 8*r**3 + 251*r**2 + 37*r - 92. Determine i(-31).
1644
Let h(v) = -v**3 - 44*v**2 - 723*v - 4354. What is h(-15)?
-34
Let c(o) = -29*o**2 + 314*o + 311. Determine c(-1).
-32
Let r(m) = m**3 + 39*m**2 + 215*m + 604. Give r(-33).
43
Let h(v) = 561*v - 3027. What is h(3)?
-1344
Let x(p) = -2*p**2 + 38*p - 784. What is x(20)?
-824
Let k(g) = -g**3 + 86*g**2 - 1361*g - 7821. Give k(62).
53
Let j(b) = -104423*b - 344. Determine j(0).
-344
Let b(l) = 9365*l + 130986. Determine b(-14).
-124
Let f(t) = -t**2 - 4356*t + 13067. Calculate f(3).
-10
Let n(a) = 2*a**2 - 2979*a - 893585. What is n(-256)?
111
Let x(m) = -127311*m + 891184. Determine x(7).
7
Let f(i) = -4*i**2 - 13481*i - 1734636. Calculate f(-134).
-6
Let q(u) = -6806*u - 129641. Give q(-19).
-327
Let i(z) = 38497*z + 808427. Give i(-21).
-10
Let v(i) = i**2 - 250*i - 6348. What is v(-23)?
-69
Let n(i) = i**2 + 2355*i - 142415. Give n(59).
11
Let x(a) = -a**2 - 554*a - 34265. Calculate x(-71).
28
Let n(x) = 27*x**2 - 15881*x + 18761. Calculate n(587).
-23
Let c(d) = 3270*d + 88286. What is c(-27)?
-4
Let j(u) = -13*u**2 - 118*u - 371. Determine j(-10).
-491
Let m(n) = 828*n + 18175. Determine m(-22).
-41
Let z(w) = 5*w**3 + 33*w**2 - 1414*w - 9802. What is z(-7)?
-2
Let k(i) = -18*i**2 + 60*i + 59. Determine k(3).
77
Let g(m) = 19*m**2 - 5831*m - 23288. Calculate g(-4).
340
Let y(j) = 6*j**2 - 355*j + 850. What is y(0)?
850
Let j(x) = 25*x**2 + 537*x - 469. Determine j(-23).
405
Let m(g) = -36*g**2 + 1475*g - 11837. Give m(11).
32
Let n(o) = 179*o + 7477. Give n(-43).
-220
Let u(x) = x**2 + 37*x + 103. Determine u(-44).
411
Let r(a) = 3*a**3 - 774*a**2 + 777*a - 1599. Give r(257).
-57
Let m(z) = 136110*z + 408336. Determine m(-3).
6
Let p(j) = -1169*j**3 - 19881*j**2 - 107*j + 492. Give p(-17).
-1
Let r(z) = 20498*z + 40729526. What is r(-1987)?
0
Let j(o) = 2452*o - 44800. Determine j(18).
-664
Let z(d) = 631*d + 130000. Calculate z(-206).
14
Let x(r) = 3*r**2 - 7468*r - 59939. Calculate x(-8).
-3
Let t(m) = -40944*m + 491403. Give t(12).
75
Let k(p) = 672*p - 6752. Give k(10).
-32
Let q(k) = k**3 + 9*k**2 - 246*k + 37. Give q(-21).
-89
Let z(x) = 808*x**2 + 6532*x - 15. What is z(-8)?
-559
Let v(b) = -2591*b + 189228. Calculate v(73).
85
Let g(p) = 2337*p - 16404. Give g(7).
-45
Let r(p) = 166*p**3 + 62*p**2 + 52*p - 10. Calculate r(-1).
-166
Let y(d) = -d**2 - 58*d + 1372. Give y(-67).
769
Let c(v) = 4*v**2 - 102*v - 279. What is c(33)?
711
Let z(k) = 4*k**2 + 102*k + 833. Determine z(-32).
1665
Let n(f) = 1072*f + 199353. Give n(-181).
5321
Let r(d) = -784*d - 2597. Give r(-5).
1323
Let h(o) = 2*o**3 + 72*o**2 - 152*o - 19. Calculate h(-38).
-19
Let k(c) = 66717*c + 600640. What is k(-9)?
187
Let f(o) = -445256*o - 18255495. What is f(-41)?
1
Let h(k) = 148*k + 2467. What is h(-16)?
99
Let d(z) = -10338*z - 41393. What is d(-4)?
-41
Let j(r) = -675*r + 18116. Determine j(29).
-1459
Let h(g) = -49*g**3 + 68*g**2 + 48*g - 111. Give h(2).
-135
Let v(k) = -504*k - 43860. Give v(-87).
-12
Let j(n) = 1560*n - 7387. Calculate j(4).
-1147
Let a(j) = -9*j**3 + 130*j**2 + 484*j + 15. Determine a(-3).
-24
Let o(y) = 5139*y + 750355. Calculate o(-146).
61
Let r(c) = -2771*c - 213490. Determine r(-77).
-123
Let w(z) = -2*z**3 - 8*z**2 - 99*z - 4. What is w(0)?
-4
Let k(o) = 12495*o + 1936723. Determine k(-155).
-2
Let j(y) = -1250*y - 7529. Calculate j(-6).
-29
Let x(k) = -3677*k + 99186. Give x(27).
-93
Let q(d) =